a) = a**3 - 4*a - 3. Calculate j(-3).
-18
Let r(l) = -l**3 + 9*l**2 - 24*l + 5. Give r(6).
-31
Let p(n) = -7*n + 7. What is p(10)?
-63
Let c(o) = o**2 - 10*o. What is c(6)?
-24
Let c(h) = -h**2 + 5*h - 1. What is c(6)?
-7
Let u(r) = -r**3 - r**2 + r - 29. Determine u(0).
-29
Let d(q) = -q**3 + 45*q**2 + 94*q - 8. What is d(47)?
-8
Let j(p) = p**2 + 19*p - 3. What is j(-19)?
-3
Let u(j) = j**3 - 3*j**2 + j. Give u(2).
-2
Let b(u) = -u**2 + 20*u + 28. Calculate b(20).
28
Let k(u) = -u**2 - 21*u - 65. Determine k(-18).
-11
Let c(x) = 4*x**2 + x - 19. Determine c(5).
86
Let t(q) = q**3 + 10*q**2 + 10*q - 12. Determine t(-9).
-21
Let y(t) = -t**2 - 6*t + 15. Give y(-6).
15
Let n(z) = 3*z**2 - z - 57. Give n(0).
-57
Let w(s) = -14*s**2 - 9*s - 3. Give w(-1).
-8
Let i(v) = v**3 - 8*v**2 - 18*v - 8. Calculate i(10).
12
Let i(l) = l - 12. Give i(19).
7
Let b(z) = -z**3 - 8*z**2 - 6*z + 17. Give b(-6).
-19
Let d(i) = 2*i**2 - 3*i - 2. Give d(-2).
12
Let z(a) = a**3 + 5*a**2 - 6. Calculate z(-3).
12
Let y(x) = x**3 + x**2 + 6*x + 6. Determine y(-5).
-124
Let a(r) = r**2 - 47*r + 165. Calculate a(4).
-7
Let v(a) = -a**3 - 7*a**2 + 3*a - 16. Calculate v(-8).
24
Let j(q) = -q**3 + 2*q**2 + q - 3. Determine j(-2).
11
Let k(r) = -8*r**2 - 89*r - 1. Determine k(-11).
10
Let p(z) = z**3 - 9*z**2 - 10*z + 5. Give p(10).
5
Let a(y) = -6*y + 16. Give a(2).
4
Let i(r) = -r**2 + 49*r + 153. Calculate i(-3).
-3
Let o(a) = -22*a + 4. Calculate o(-2).
48
Let x(u) = -3*u**2 + 23*u + 61. What is x(10)?
-9
Let l(b) = -16*b + 777. Calculate l(49).
-7
Let t(q) = 27*q - 148. Determine t(6).
14
Let s(x) = x + 10. Calculate s(-6).
4
Let p(w) = w**2 - w - 38. What is p(-9)?
52
Let i(l) = 12*l + 14. Determine i(13).
170
Let c(x) = x**2 - 10*x - 16. Give c(9).
-25
Let o(q) = 14*q. What is o(-1)?
-14
Let f(d) = d - 9. Determine f(11).
2
Let z(v) = v**2 + 29*v + 173. What is z(-9)?
-7
Let i(l) = 2*l - 25. Determine i(12).
-1
Let o(a) = a**3 - 19*a**2 - 62*a - 86. Give o(22).
2
Let w(c) = c**3 + 8*c**2 - 14*c - 10. What is w(-9)?
35
Let s(j) = -j**2 - 18*j + 8. Give s(-18).
8
Let y(o) = -2*o**3 - 2*o**2 + 7*o + 13. What is y(-3)?
28
Let t(g) = 2*g - 2. What is t(11)?
20
Let p(h) = -h**3 + 13*h**2 + 14*h - 31. Give p(14).
-31
Let r(f) = -4*f - 53. What is r(-3)?
-41
Let h(m) = 5*m**2 - 7*m + 4. Determine h(4).
56
Let b(u) = u**2 - u - 7. Determine b(0).
-7
Let m(c) = 2*c**2 + 8*c + 4. Give m(-5).
14
Let p(r) = r**3 + 42*r**2 - 47*r - 172. What is p(-43)?
0
Let q(h) = h**2 - 13*h - 12. What is q(14)?
2
Let y(c) = 8*c - 42. What is y(-9)?
-114
Let f(k) = -6*k - 8. What is f(-5)?
22
Let j(o) = -8*o + 53. What is j(7)?
-3
Let l(j) = j**2 + 2*j - 3. Calculate l(1).
0
Let d(y) = 3*y + 2. Calculate d(-3).
-7
Let l(k) = 56*k + 340. Give l(-6).
4
Let d(y) = -y**3 - 19*y**2 + 19*y - 27. Give d(-20).
-7
Let m(b) = 5*b**2 + 26*b - 3. Determine m(-5).
-8
Let d(o) = -2*o + 1. Calculate d(4).
-7
Let c(y) = 8*y - 13. Give c(4).
19
Let h(t) = 22*t - 78. Give h(4).
10
Let c(k) = -k**2 + 4*k - 11. What is c(4)?
-11
Let n(c) = c**3 - 29*c**2 - 10. Determine n(29).
-10
Let x(d) = -2*d**2 + 3*d - 3. What is x(-6)?
-93
Let n(l) = 23*l - 162. Calculate n(7).
-1
Let g(l) = l**3 - 10*l**2 - 31*l + 13. Determine g(12).
-71
Let g(w) = -w**3 - 7*w**2 + 4*w + 20. Calculate g(-7).
-8
Let a(t) = -t**3 - 8*t**2 - 8*t - 15. Give a(-6).
-39
Let r(l) = 7*l**2 + 11*l + 11. Give r(-5).
131
Let a(t) = t**3 - 5*t**2 - 16*t + 9. Determine a(7).
-5
Let h(w) = -26*w - 84. What is h(-3)?
-6
Let q(n) = 3*n. Determine q(4).
12
Let c(j) = -j**3 - 3*j**2 + 7*j + 6. What is c(-4)?
-6
Let k(i) = i**3 + 7*i**2 + 8*i + 3. Calculate k(-6).
-9
Let n(h) = h**3 + 5*h**2 + 6*h + 8. What is n(-2)?
8
Let y(d) = -44*d**2 + d - 2. What is y(1)?
-45
Let w(b) = -b**2 - 25*b + 48. Determine w(-27).
-6
Let g(z) = -z. Calculate g(-2).
2
Let h(i) = -2*i**2 - 6*i + 6. Determine h(-5).
-14
Let h(w) = w**2 - 16*w + 17. What is h(12)?
-31
Let i(n) = -2*n**2 - 13*n + 24. What is i(-8)?
0
Let u(x) = -26*x**3 - x**2 + x. What is u(1)?
-26
Let a(u) = 3*u + 1. What is a(-1)?
-2
Let f(m) = -5*m - 21. What is f(-7)?
14
Let b(y) = 5*y + 43. What is b(-8)?
3
Let y(x) = 4*x**2 - 6*x - 2. What is y(3)?
16
Let h(f) = f**3 - 21*f**2 - f + 26. Determine h(21).
5
Let i(a) = -a**2 - 3*a - 44. Determine i(-7).
-72
Let p(w) = -w**2 - 6*w - 13. Give p(-3).
-4
Let s(b) = -b - 3. What is s(-12)?
9
Let n(s) = -94*s - 646. Determine n(-7).
12
Let h(d) = -3*d**2 - 170*d + 57. Determine h(-57).
0
Let p(h) = -2*h**3 - h**2 + h. Calculate p(1).
-2
Let g(y) = -40*y. Calculate g(-1).
40
Let u(t) = 7*t - 16. Calculate u(3).
5
Let q(i) = -5*i - 19. Determine q(-3).
-4
Let u(j) = 2*j - 92. Determine u(0).
-92
Let v(u) = u**3 + 4*u**2 - 3*u - 2. Give v(-5).
-12
Let v(z) = z**2 + z + 13. What is v(9)?
103
Let w(u) = 2*u - 28. Calculate w(13).
-2
Let o(z) = z**2 + 24*z + 24. Give o(-21).
-39
Let j(m) = m**3 - 9*m**2 + 9*m - 1. Calculate j(9).
80
Let r(d) = d**2 + 23*d - 1. Determine r(-23).
-1
Let r(l) = l**3 - 2*l**2 + 2*l + 1. Determine r(2).
5
Let b(l) = l**3 + 21*l**2 - l + 11. Give b(-21).
32
Let h(t) = -2*t**2 + 8*t - 13. Determine h(6).
-37
Let p(v) = -v + 17. Determine p(2).
15
Let b(t) = -t**3 + t**2 + 21. Calculate b(0).
21
Let y(v) = v**3 - 12*v**2 + 5*v + 35. Calculate y(11).
-31
Let r(y) = -y + 3. Calculate r(-15).
18
Let u(z) = z**3 - 11*z**2 + 5*z + 44. Give u(10).
-6
Let d(x) = -x - 21. Give d(-15).
-6
Let n(s) = -s**2 + 34*s + 42. Determine n(34).
42
Let r(l) = l**2 - 22*l - 5. Determine r(20).
-45
Let w(c) = -c - 20. What is w(14)?
-34
Let l(o) = -16*o + 7. What is l(2)?
-25
Let w(t) = 8*t - 4. Determine w(-2).
-20
Let j(x) = -8*x + 12. What is j(-1)?
20
Let g(i) = -i**3 + 2*i**2 + 6*i - 7. Determine g(3).
2
Let q(w) = 2*w + 11. Give q(5).
21
Let q(z) = z - 5. Give q(-7).
-12
Let p(c) = -c**2 + 12*c + 10. What is p(15)?
-35
Let n(i) = 107*i + 317. Give n(-3).
-4
Let l(q) = -q**2 - 2*q + 4. Give l(4).
-20
Let g(h) = -2*h**2 - 2*h + 4. Give g(-4).
-20
Let l(i) = 3*i - 62. What is l(18)?
-8
Let u(q) = 6*q + 21. Calculate u(-3).
3
Let g(x) = -51*x - 158. What is g(-3)?
-5
Let i(m) = -4*m + 9. Determine i(8).
-23
Let y(a) = a - 5. Give y(14).
9
Let p(q) = -q**3 + 4*q**2 + 2*q + 4. What is p(5)?
-11
Let h(o) = o**3 + 12*o**2 + 13*o - 12. Give h(-10).
58
Let k(u) = u**3 - 7*u**2 + 14*u - 10. Determine k(5).
10
Let h(r) = -r**2 - 13*r + 7. What is h(-8)?
47
Let x(g) = g - 14. Calculate x(11).
-3
Let g(f) = 3*f**3 + f**2 + 2*f - 2. Calculate g(1).
4
Let n(j) = j**3 - 12*j**2 + 10*j + 1. Calculate n(11).
-10
Let l(w) = -2*w**2 - 107*w + 103. Determine l(-55).
-62
Let s(p) = p - 2. Calculate s(-4).
-6
Let x(l) = l - 22. Determine x(6).
-16
Let x(q) = 20*q + 26. Calculate x(-7).
-114
Let u(v) = 4*v**2 - 50*v + 137. Give u(8).
-7
Let q(a) = a**2 - 5*a + 7. Determine q(-5).
57
Let p(k) = -k + 1. Calculate p(-6).
7
Let p(k) = k**3 + k + 17. Determine p(0).
17
Let o(n) = n**3 + 15*n**2 + 3. Give o(-15).
3
Let h(m) = -29*m - 15. Calculate h(-6).
159
Let x(b) = b**2 + 5*b - 31. What is x(-5)?
-31
Let p(s) = -s**3 + 13*s**2 + 15*s - 8. Determine p(14).
6
Let i(p) = p**3 - 12*p**2 - 2*p + 22. Calculate i(12).
-2
Let k(j) = 11*j + 278. Determine k(-27).
-19
Let t(m) = -3*m**2 + 70*m + 25. Give t(24).
-23
Let b(o) = o**3 - 4*o**2 + 6*o - 2. Determine b(3).
7
Let h(b) = 3*b**2 - 28*b + 22. What is h(9)?
13
Let v(d) = -d - 8. What is v(-7)?
-1
Let u(k) = k**3 + 6*k**2 - 6*k. What is u(3)?
63
Let n(f) = -f**3 + 7*f**2 + 5*f. What is n(7)?
35
Let x(s) = -s**2 + s - 4. What is x(3)?
-10
Let t(s) = s**2 - 15*s + 27. Give t(8).
-29
Let n(m) = 19*m - 12. Calculate n(5).
83
Let l(k) = k**3 + 4*k**2 + k + 2. Determine l(-2).
8
Let x(s) = 6*s**2 + 2*s - 1. Calculate x(-2).
19
Let d(y) = 70*y - 10. Calculate d(-2).
-150
Let u(v) = -2*v. What is u(8)?
-16
Let f(y) = y**3 - 9*y**2 - 9*y + 11. What is f(10)?
21
Let i(g) = -g**2 + 6*g + 11. What is i(8)?
-5
Let k(o) = 2*o + 39. What is k(-12)?
15
Let h(a) = a**2 + 47*a - 498. Give h(-56).
6
Let x(u) = -u**3 + u**2 + 3*u - 3. Give x(2).
-1
Let y(m) = -2*m**3 - 8*m**2 - 77*m - 314. Calculate y(-4).
-6
Let k(s) = -3*s - 27. Give k(-10).
3
Let w(s) = -s**2 - 26*s + 2. Determine w(0).
2
Let w(x) = -4*x + 2. Determine w(-2).
10
Let f(i) = -i. Give f(-2).
2
L